{"id":23,"date":"2021-10-29T15:51:08","date_gmt":"2021-10-29T15:51:08","guid":{"rendered":"http:\/\/www.caidosdelcielo.org\/ong\/?page_id=23"},"modified":"2022-02-01T13:30:41","modified_gmt":"2022-02-01T13:30:41","slug":"que-es-caidos-del-cielo","status":"publish","type":"page","link":"https:\/\/www.caidosdelcielo.org\/ong\/que-es-caidos-del-cielo\/","title":{"rendered":"Qu\u00e9 es Caidos del Cielo"},"content":{"rendered":"<p>[et_pb_section fb_built=\u00bb1&#8243; _builder_version=\u00bb4.12.0&#8243; _module_preset=\u00bbdefault\u00bb use_background_color_gradient=\u00bbon\u00bb background_color_gradient_start=\u00bb#1d1d1b\u00bb background_color_gradient_end=\u00bbrgba(41,196,169,0)\u00bb background_color_gradient_direction=\u00bb1deg\u00bb background_color_gradient_end_position=\u00bb52%\u00bb background_color_gradient_overlays_image=\u00bbon\u00bb background_image=\u00bbhttps:\/\/www.caidosdelcielo.org\/ong\/wp-content\/uploads\/2021\/11\/MGP2959-\u00ae-marcosGpunto-scaled.jpg\u00bb background_position=\u00bbtop_center\u00bb width=\u00bb100%\u00bb max_width=\u00bb100%\u00bb min_height=\u00bb85vh\u00bb min_height_tablet=\u00bb50vh\u00bb min_height_phone=\u00bb50vh\u00bb min_height_last_edited=\u00bbon|tablet\u00bb custom_padding=\u00bb||0px|||\u00bb global_colors_info=\u00bb{}\u00bb][et_pb_row _builder_version=\u00bb4.12.0&#8243; _module_preset=\u00bbdefault\u00bb custom_margin=\u00bb305px|auto||auto|false|false\u00bb custom_margin_tablet=\u00bb150px||||false|false\u00bb custom_margin_phone=\u00bb100px||||false|false\u00bb custom_margin_last_edited=\u00bbon|phone\u00bb global_colors_info=\u00bb{}\u00bb][et_pb_column type=\u00bb4_4&#8243; _builder_version=\u00bb4.12.0&#8243; _module_preset=\u00bbdefault\u00bb global_colors_info=\u00bb{}\u00bb][et_pb_text _builder_version=\u00bb4.12.0&#8243; _module_preset=\u00bbdefault\u00bb header_font=\u00bbPoppins|600|||||||\u00bb header_text_color=\u00bb#FFFFFF\u00bb header_font_size=\u00bb60px\u00bb custom_margin_tablet=\u00bb\u00bb custom_margin_phone=\u00bb\u00bb custom_margin_last_edited=\u00bbon|phone\u00bb animation_style=\u00bbfade\u00bb animation_duration=\u00bb2000ms\u00bb hover_enabled=\u00bb0&#8243; header_font_size_tablet=\u00bb40px\u00bb header_font_size_phone=\u00bb40px\u00bb header_font_size_last_edited=\u00bbon|desktop\u00bb global_colors_info=\u00bb{}\u00bb sticky_enabled=\u00bb0&#8243;]<\/p>\n<h1>\u00bfQu\u00e9 es Ca\u00eddos del Cielo?<\/h1>\n<p>[\/et_pb_text][et_pb_text _builder_version=\u00bb4.12.0&#8243; _module_preset=\u00bbdefault\u00bb text_font=\u00bbPoppins||||||||\u00bb text_text_color=\u00bb#FFFFFF\u00bb header_2_font=\u00bbPoppins||||||||\u00bb header_2_text_color=\u00bb#FFFFFF\u00bb header_2_font_size=\u00bb20px\u00bb header_2_line_height=\u00bb1.3em\u00bb animation_style=\u00bbslide\u00bb animation_direction=\u00bbbottom\u00bb animation_duration=\u00bb1100ms\u00bb animation_intensity_slide=\u00bb14%\u00bb header_2_font_size_tablet=\u00bb15px\u00bb header_2_font_size_phone=\u00bb15px\u00bb header_2_font_size_last_edited=\u00bbon|desktop\u00bb text_text_shadow_style=\u00bbpreset3&#8243; global_colors_info=\u00bb{}\u00bb]<\/p>\n<h2><span style=\"font-weight: 400;\">El nombre <strong>Ca\u00eddos del Cielo<\/strong> procede de una obra teatral de Paloma Pedrero, estrenada en 2008 en el Teatro Fern\u00e1n G\u00f3mez de Madrid. Esta obra fue escrita expresamente para un grupo de personas sin hogar que llevaban a\u00f1os asistiendo a un taller de teatro que la autora y directora impart\u00eda para la Fundaci\u00f3n RAIS.<\/span><\/h2>\n<p>[\/et_pb_text][\/et_pb_column][\/et_pb_row][\/et_pb_section][et_pb_section fb_built=\u00bb1&#8243; _builder_version=\u00bb4.12.0&#8243; _module_preset=\u00bbdefault\u00bb global_colors_info=\u00bb{}\u00bb][et_pb_row _builder_version=\u00bb4.12.0&#8243; _module_preset=\u00bbdefault\u00bb custom_padding=\u00bb0px||||false|false\u00bb global_colors_info=\u00bb{}\u00bb][et_pb_column type=\u00bb4_4&#8243; _builder_version=\u00bb4.12.0&#8243; _module_preset=\u00bbdefault\u00bb global_colors_info=\u00bb{}\u00bb][et_pb_text _builder_version=\u00bb4.12.0&#8243; _module_preset=\u00bbdefault\u00bb text_font=\u00bbPoppins||||||||\u00bb animation_style=\u00bbslide\u00bb animation_direction=\u00bbbottom\u00bb animation_duration=\u00bb1100ms\u00bb animation_intensity_slide=\u00bb14%\u00bb global_colors_info=\u00bb{}\u00bb]<\/p>\n<p><span style=\"font-weight: 400;\">Cuando Pedrero consider\u00f3 que el grupo ya estaba maduro para afrontar el montaje de un espect\u00e1culo teatral profesional, se lanz\u00f3 al ambicioso proyecto de escribir una obra de gran formato para ellos, <strong>en la que se reflejara la realidad de las personas sin hogar<\/strong>. Este proyecto se realiz\u00f3 despu\u00e9s de un complej\u00edsimo trabajo pedag\u00f3gico, art\u00edstico y social. La obra fue <strong>premio Tal\u00eda de Teatro<\/strong>, form\u00f3 parte del Festival de Oto\u00f1o de ese a\u00f1o y, gracias al \u00e9xito alcanzado, hizo temporada en el mismo <strong>Teatro Fern\u00e1n G\u00f3mez.<\/strong><\/span><span style=\"font-weight: 400;\"><strong><\/strong><\/span><\/p>\n<p>[\/et_pb_text][\/et_pb_column][\/et_pb_row][et_pb_row column_structure=\u00bb3_4,1_4&#8243; _builder_version=\u00bb4.12.0&#8243; _module_preset=\u00bbdefault\u00bb custom_padding=\u00bb0px||||false|false\u00bb animation_style=\u00bbslide\u00bb animation_direction=\u00bbbottom\u00bb animation_duration=\u00bb1100ms\u00bb animation_intensity_slide=\u00bb14%\u00bb global_colors_info=\u00bb{}\u00bb][et_pb_column type=\u00bb3_4&#8243; _builder_version=\u00bb4.12.0&#8243; _module_preset=\u00bbdefault\u00bb global_colors_info=\u00bb{}\u00bb][et_pb_blurb use_icon=\u00bbon\u00bb font_icon=\u00bb%%90%%\u00bb icon_color=\u00bb#0075BF\u00bb icon_placement=\u00bbleft\u00bb content_max_width=\u00bb100%\u00bb _builder_version=\u00bb4.12.0&#8243; _module_preset=\u00bbdefault\u00bb header_level=\u00bbh2&#8243; header_font=\u00bbPoppins||||||||\u00bb body_font=\u00bbPoppins|500|||||||\u00bb body_font_size=\u00bb18px\u00bb custom_padding=\u00bb||20px||false|false\u00bb border_width_bottom=\u00bb1px\u00bb border_color_bottom=\u00bb#0075BF\u00bb global_colors_info=\u00bb{}\u00bb]<\/p>\n<p><span style=\"font-weight: 400;\">Un espacio para dar continuidad a esta labor de transformaci\u00f3n de las personas y su entorno a trav\u00e9s del teatro, cultivando su talento art\u00edstico y sensibilidad.<\/span><\/p>\n<p>[\/et_pb_blurb][\/et_pb_column][et_pb_column type=\u00bb1_4&#8243; _builder_version=\u00bb4.12.0&#8243; _module_preset=\u00bbdefault\u00bb global_colors_info=\u00bb{}\u00bb][\/et_pb_column][\/et_pb_row][et_pb_row _builder_version=\u00bb4.12.0&#8243; _module_preset=\u00bbdefault\u00bb custom_padding=\u00bb0px||||false|false\u00bb animation_style=\u00bbslide\u00bb animation_direction=\u00bbbottom\u00bb animation_duration=\u00bb1100ms\u00bb animation_intensity_slide=\u00bb14%\u00bb global_colors_info=\u00bb{}\u00bb][et_pb_column type=\u00bb4_4&#8243; _builder_version=\u00bb4.12.0&#8243; _module_preset=\u00bbdefault\u00bb global_colors_info=\u00bb{}\u00bb][et_pb_text _builder_version=\u00bb4.12.0&#8243; _module_preset=\u00bbdefault\u00bb text_font=\u00bbPoppins||||||||\u00bb custom_padding=\u00bb||0px|||\u00bb global_colors_info=\u00bb{}\u00bb]<\/p>\n<p><span style=\"font-weight: 400;\">Una vez pasada la temporada teatral de Ca\u00eddos del Cielo, y ya sin RAIS ofreciendo su respaldo asistencial al grupo de teatro, Pedrero y su equipo sintieron que no pod\u00edan abandonar a su suerte a esas personas que hab\u00edan participado en un proceso de creaci\u00f3n tan fruct\u00edfero para sus vidas y las de otros, y a todos aquellos que pudieran integrarse en el proyecto. Fue a partir de esta situaci\u00f3n que se cre\u00f3 Ca\u00eddos del Cielo, <strong>un espacio para dar continuidad a esta labor de transformaci\u00f3n de las personas y su entorno a trav\u00e9s del teatro, cultivando su talento art\u00edstico y sensibilidad.<\/strong><\/span><\/p>\n<p><span style=\"font-weight: 400;\">El hecho de que esta asociaci\u00f3n nazca a cargo de un grupo de personas independientes y procedentes del mundo del arte, lo social y la producci\u00f3n, nos hace disponer un gran capital profesional, pedag\u00f3gico y humano.<\/span><\/p>\n<p><span style=\"font-weight: 400;\">Ya en una din\u00e1mica de trabajo continuado, sucede que en el grupo hay un ciclo de crecimiento natural que pide c\u00edclicamente el montaje de una nueva obra teatral para ser mostrada al p\u00fablico (hasta el momento son ya son siete los espect\u00e1culos realizados). Las exigencias de un montaje conllevan un incremento del ritmo de trabajo y ensayos. <strong>Con el objeto de no alterar sustancialmente la din\u00e1mica del taller en estos procesos de montaje, se crea Ca\u00eddos del Cielo Compa\u00f1\u00eda, aparte del taller, con los alumnos<\/strong> que los profesores estiman adecuado, <strong>as\u00ed como actores o actrices profesionales que se incorporan<\/strong> exprofeso, o que ya forman parte de los talleres.<\/span><\/p>\n<p><span style=\"font-weight: 400;\">Ca\u00eddos del Cielo est\u00e1 siempre en proceso de renovaci\u00f3n y b\u00fasqueda de apoyos, tanto materiales como humanos. Y <strong>buscamos establecer convenios con organizaciones sociales para cubrir la labor asistencial necesaria<\/strong> para un mejor rendimiento art\u00edstico de los que participan en los talleres.<\/span><\/p>\n<p><span style=\"font-weight: 400;\">&nbsp;El trabajo llevado a cabo desde hace casi 20 a\u00f1os por la dramaturga Paloma Pedrero impartiendo un taller de teatro pionero en Madrid para personas sin hogar, uno de los rostros m\u00e1s visibles y m\u00e1s crudos de la exclusi\u00f3n social, no s\u00f3lo ha resultado un proyecto innovador y notorio en el panorama social y art\u00edstico espa\u00f1ol en general y madrile\u00f1o en particular, sino que, adem\u00e1s, ha transcendido a otras organizaciones.<\/span><\/p>\n<p>[\/et_pb_text][\/et_pb_column][\/et_pb_row][et_pb_row column_structure=\u00bb1_4,3_4&#8243; _builder_version=\u00bb4.12.0&#8243; _module_preset=\u00bbdefault\u00bb custom_padding=\u00bb0px||||false|false\u00bb animation_style=\u00bbslide\u00bb animation_direction=\u00bbbottom\u00bb animation_duration=\u00bb1100ms\u00bb animation_intensity_slide=\u00bb14%\u00bb global_colors_info=\u00bb{}\u00bb][et_pb_column type=\u00bb1_4&#8243; _builder_version=\u00bb4.12.0&#8243; _module_preset=\u00bbdefault\u00bb global_colors_info=\u00bb{}\u00bb][\/et_pb_column][et_pb_column type=\u00bb3_4&#8243; _builder_version=\u00bb4.12.0&#8243; _module_preset=\u00bbdefault\u00bb global_colors_info=\u00bb{}\u00bb][et_pb_blurb use_icon=\u00bbon\u00bb font_icon=\u00bb%%90%%\u00bb icon_color=\u00bb#0075BF\u00bb icon_placement=\u00bbleft\u00bb content_max_width=\u00bb100%\u00bb _builder_version=\u00bb4.12.0&#8243; _module_preset=\u00bbdefault\u00bb header_level=\u00bbh2&#8243; header_font=\u00bbPoppins||||||||\u00bb body_font=\u00bbPoppins|500|||||||\u00bb body_font_size=\u00bb18px\u00bb custom_padding=\u00bb||20px||false|false\u00bb border_width_bottom=\u00bb1px\u00bb border_color_bottom=\u00bb#0075BF\u00bb global_colors_info=\u00bb{}\u00bb]<\/p>\n<p><span style=\"font-weight: 400;\">El Teatro es una herramienta terap\u00e9utica \u00fatil para conseguir que las personas en riesgo de exclusi\u00f3n social puedan recuperar la autoestima y confianza en s\u00ed mismas, por eso nuestro lema es \u201cEl Teatro puede\u201d.<\/span><\/p>\n<p>[\/et_pb_blurb][\/et_pb_column][\/et_pb_row][et_pb_row _builder_version=\u00bb4.12.0&#8243; _module_preset=\u00bbdefault\u00bb custom_padding=\u00bb0px||||false|false\u00bb animation_style=\u00bbslide\u00bb animation_direction=\u00bbbottom\u00bb animation_duration=\u00bb1100ms\u00bb animation_intensity_slide=\u00bb14%\u00bb global_colors_info=\u00bb{}\u00bb][et_pb_column type=\u00bb4_4&#8243; _builder_version=\u00bb4.12.0&#8243; _module_preset=\u00bbdefault\u00bb global_colors_info=\u00bb{}\u00bb][et_pb_text _builder_version=\u00bb4.12.0&#8243; _module_preset=\u00bbdefault\u00bb text_font=\u00bbPoppins||||||||\u00bb global_colors_info=\u00bb{}\u00bb]<\/p>\n<p><span style=\"font-weight: 400;\">La experiencia de montajes de espect\u00e1culos teatrales profesionales, de gran formato, donde fraternizan excluidos sociales y actores profesionales, tiene unos resultados tan fruct\u00edferos para unos y otros, as\u00ed como, para todos aquellos que participan en el proyecto, que ha demostrado que <strong>el Teatro es una herramienta terap\u00e9utica \u00fatil para conseguir que las personas en riesgo de exclusi\u00f3n social puedan recuperar la autoestima y confianza en s\u00ed mismas<\/strong>, por eso nuestro lema es <strong>\u201cEl Teatro puede\u201d.<\/strong><\/span><\/p>\n<p><span style=\"font-weight: 400;\">El esp\u00edritu altruista con que se gest\u00f3 este Proyecto, la <strong>defensa de los valores humanos<\/strong> que propicia, el empleo del teatro como herramienta para la reinserci\u00f3n social, el beneficio que genera entre las poblaciones en riesgo de exclusi\u00f3n y la defensa de los principios fundacionales de UNESCO han sido las principales motivaciones para que a finales de mayo de 2013 esta organizaci\u00f3n internacional otorgase al Proyecto Ca\u00eddos del Cielo, el <strong>VII Premio DIONISOS, establecido por UNESCO<\/strong>, para proyectos teatrales con repercusi\u00f3n social. Asimismo, en 1918 el Samur Social del Ayuntamiento de Madrid, otorg\u00f3 a nuestra presidenta uno de sus premios anuales por su labor con personas sin hogar. Adem\u00e1s, <strong>Pedrero ha sido nombrada embajadora mundial del teatro por la UNESCO.<\/strong><\/span><\/p>\n<p>[\/et_pb_text][\/et_pb_column][\/et_pb_row][\/et_pb_section][et_pb_section fb_built=\u00bb1&#8243; _builder_version=\u00bb4.12.0&#8243; _module_preset=\u00bbdefault\u00bb background_image=\u00bbhttps:\/\/www.caidosdelcielo.org\/ong\/wp-content\/uploads\/2021\/11\/Transformacio\u0301n16-scaled.jpg\u00bb custom_padding=\u00bb275px||275px||true|false\u00bb global_colors_info=\u00bb{}\u00bb][\/et_pb_section][et_pb_section fb_built=\u00bb1&#8243; _builder_version=\u00bb4.12.0&#8243; _module_preset=\u00bbdefault\u00bb background_color=\u00bb#0075BF\u00bb locked=\u00bboff\u00bb global_colors_info=\u00bb{}\u00bb][et_pb_row _builder_version=\u00bb4.12.0&#8243; _module_preset=\u00bbdefault\u00bb global_colors_info=\u00bb{}\u00bb][et_pb_column type=\u00bb4_4&#8243; _builder_version=\u00bb4.12.0&#8243; _module_preset=\u00bbdefault\u00bb global_colors_info=\u00bb{}\u00bb][et_pb_text _builder_version=\u00bb4.12.0&#8243; _module_preset=\u00bbdefault\u00bb header_2_font=\u00bbPoppins||||||||\u00bb header_2_text_align=\u00bbcenter\u00bb header_2_text_color=\u00bb#FFFFFF\u00bb header_2_font_size=\u00bb45px\u00bb global_colors_info=\u00bb{}\u00bb]<\/p>\n<h2>\u00bfQuieres colaborar con nosotr@s?<\/h2>\n<p>[\/et_pb_text][et_pb_text _builder_version=\u00bb4.12.0&#8243; _module_preset=\u00bbdefault\u00bb text_text_color=\u00bb#FFFFFF\u00bb text_font_size=\u00bb18px\u00bb link_text_color=\u00bb#FFFFFF\u00bb text_orientation=\u00bbcenter\u00bb custom_padding=\u00bb10px|20px|10px|20px|true|true\u00bb global_colors_info=\u00bb{}\u00bb button_text_color__hover=\u00bb#0075BF\u00bb button_text_color__hover_enabled=\u00bbon|desktop\u00bb button_bg_color__hover=\u00bb#FFFFFF\u00bb button_bg_color__hover_enabled=\u00bbon|hover\u00bb]<\/p>\n<p>Si quieres colaborar con nosotr@s puedes hacerte soci@<a href=\"mailto:seci@,\">,<\/a> donar puntualmente o ayudarnos de otras formas. No dudes en contactar con nosotras.<\/p>\n<p>[\/et_pb_text][et_pb_button button_url=\u00bb@ET-DC@eyJkeW5hbWljIjp0cnVlLCJjb250ZW50IjoicG9zdF9saW5rX3VybF9wYWdlIiwic2V0dGluZ3MiOnsicG9zdF9pZCI6Ijg5OSJ9fQ==@\u00bb button_text=\u00bbSaber m\u00e1s\u00bb button_alignment=\u00bbcenter\u00bb _builder_version=\u00bb4.12.0&#8243; _dynamic_attributes=\u00bbbutton_url\u00bb _module_preset=\u00bbdefault\u00bb custom_button=\u00bbon\u00bb button_text_size=\u00bb15px\u00bb button_text_color=\u00bb#0075BF\u00bb button_bg_color=\u00bb#FFFFFF\u00bb button_border_width=\u00bb0px\u00bb button_border_color=\u00bb#0075BF\u00bb button_font=\u00bbPoppins|||on|||||\u00bb button_use_icon=\u00bboff\u00bb custom_padding=\u00bb10px|20px|10px|20px|true|true\u00bb global_colors_info=\u00bb{}\u00bb button_text_color__hover=\u00bb#FFFFFF\u00bb button_text_color__hover_enabled=\u00bbon|desktop\u00bb button_bg_color__hover=\u00bbrgba(255,255,255,0.08)\u00bb button_bg_color__hover_enabled=\u00bbon|hover\u00bb button_bg_enable_color__hover=\u00bbon\u00bb][\/et_pb_button][\/et_pb_column][\/et_pb_row][\/et_pb_section]<\/p>\n","protected":false},"excerpt":{"rendered":"<p>\u00bfQu\u00e9 es Ca\u00eddos del Cielo? El nombre Ca\u00eddos del Cielo procede de una obra teatral de Paloma Pedrero, estrenada en 2008 en el Teatro Fern\u00e1n G\u00f3mez de Madrid. Esta obra fue escrita expresamente para un grupo de personas sin hogar que llevaban a\u00f1os asistiendo a un taller de teatro que la autora y directora impart\u00eda [&hellip;]<\/p>\n","protected":false},"author":2,"featured_media":0,"parent":0,"menu_order":0,"comment_status":"closed","ping_status":"closed","template":"","meta":{"_et_pb_use_builder":"on","_et_pb_old_content":"","_et_gb_content_width":"","footnotes":""},"class_list":["post-23","page","type-page","status-publish","hentry"],"yoast_head":"<!-- This site is optimized with the Yoast SEO plugin v24.0 - https:\/\/yoast.com\/wordpress\/plugins\/seo\/ -->\n<title>Qu\u00e9 es | Ca\u00eddos del Cielo<\/title>\n<meta name=\"description\" content=\"Es un espacio para la transformaci\u00f3n de las personas y su entorno a trav\u00e9s del teatro, cultivando su talento art\u00edstico y sensibilidad.\" \/>\n<meta name=\"robots\" content=\"index, follow, max-snippet:-1, max-image-preview:large, max-video-preview:-1\" \/>\n<link rel=\"canonical\" href=\"https:\/\/www.caidosdelcielo.org\/ong\/que-es-caidos-del-cielo\/\" \/>\n<meta property=\"og:locale\" content=\"es_ES\" \/>\n<meta property=\"og:type\" content=\"article\" \/>\n<meta property=\"og:title\" content=\"Qu\u00e9 es Ca\u00eddos del Cielo\" \/>\n<meta property=\"og:description\" content=\"Es un espacio para la transformaci\u00f3n de las personas y su entorno a trav\u00e9s del teatro, cultivando su talento art\u00edstico y sensibilidad.\" \/>\n<meta property=\"og:url\" content=\"https:\/\/www.caidosdelcielo.org\/ong\/que-es-caidos-del-cielo\/\" \/>\n<meta property=\"og:site_name\" content=\"Ca\u00eddos del Cielo ONG\" \/>\n<meta property=\"article:publisher\" content=\"https:\/\/es-la.facebook.com\/caidosdelcielo.ong\/\" \/>\n<meta property=\"article:modified_time\" content=\"2022-02-01T13:30:41+00:00\" \/>\n<meta property=\"og:image\" content=\"https:\/\/www.caidosdelcielo.org\/ong\/wp-content\/uploads\/2021\/11\/caidos2.jpg\" \/>\n\t<meta property=\"og:image:width\" content=\"696\" \/>\n\t<meta property=\"og:image:height\" content=\"400\" \/>\n\t<meta property=\"og:image:type\" content=\"image\/jpeg\" \/>\n<meta name=\"twitter:card\" content=\"summary_large_image\" \/>\n<meta name=\"twitter:title\" content=\"Qu\u00e9 es Ca\u00eddos del Cielo\" \/>\n<meta name=\"twitter:description\" content=\"Es un espacio para la transformaci\u00f3n de las personas y su entorno a trav\u00e9s del teatro, cultivando su talento art\u00edstico y sensibilidad.\" \/>\n<meta name=\"twitter:image\" content=\"https:\/\/www.caidosdelcielo.org\/ong\/wp-content\/uploads\/2021\/11\/caidos2.jpg\" \/>\n<meta name=\"twitter:site\" content=\"@caidoscieloong\" \/>\n<meta name=\"twitter:label1\" content=\"Tiempo de lectura\" \/>\n\t<meta name=\"twitter:data1\" content=\"5 minutos\" \/>\n<script type=\"application\/ld+json\" class=\"yoast-schema-graph\">{\"@context\":\"https:\/\/schema.org\",\"@graph\":[{\"@type\":\"WebPage\",\"@id\":\"https:\/\/www.caidosdelcielo.org\/ong\/que-es-caidos-del-cielo\/\",\"url\":\"https:\/\/www.caidosdelcielo.org\/ong\/que-es-caidos-del-cielo\/\",\"name\":\"Qu\u00e9 es | Ca\u00eddos del Cielo\",\"isPartOf\":{\"@id\":\"https:\/\/www.caidosdelcielo.org\/ong\/#website\"},\"datePublished\":\"2021-10-29T15:51:08+00:00\",\"dateModified\":\"2022-02-01T13:30:41+00:00\",\"description\":\"Es un espacio para la transformaci\u00f3n de las personas y su entorno a trav\u00e9s del teatro, cultivando su talento art\u00edstico y sensibilidad.\",\"breadcrumb\":{\"@id\":\"https:\/\/www.caidosdelcielo.org\/ong\/que-es-caidos-del-cielo\/#breadcrumb\"},\"inLanguage\":\"es\",\"potentialAction\":[{\"@type\":\"ReadAction\",\"target\":[\"https:\/\/www.caidosdelcielo.org\/ong\/que-es-caidos-del-cielo\/\"]}]},{\"@type\":\"BreadcrumbList\",\"@id\":\"https:\/\/www.caidosdelcielo.org\/ong\/que-es-caidos-del-cielo\/#breadcrumb\",\"itemListElement\":[{\"@type\":\"ListItem\",\"position\":1,\"name\":\"Portada\",\"item\":\"https:\/\/www.caidosdelcielo.org\/ong\/\"},{\"@type\":\"ListItem\",\"position\":2,\"name\":\"Qu\u00e9 es Caidos del Cielo\"}]},{\"@type\":\"WebSite\",\"@id\":\"https:\/\/www.caidosdelcielo.org\/ong\/#website\",\"url\":\"https:\/\/www.caidosdelcielo.org\/ong\/\",\"name\":\"Ca\u00eddos del Cielo ONG\",\"description\":\"Nuestro objetivo es hacer del teatro una herramienta para la transformaci\u00f3n social y personal, que contribuya a combatir las barreras que dificultan la inclusi\u00f3n e integraci\u00f3n.\",\"publisher\":{\"@id\":\"https:\/\/www.caidosdelcielo.org\/ong\/#organization\"},\"potentialAction\":[{\"@type\":\"SearchAction\",\"target\":{\"@type\":\"EntryPoint\",\"urlTemplate\":\"https:\/\/www.caidosdelcielo.org\/ong\/?s={search_term_string}\"},\"query-input\":{\"@type\":\"PropertyValueSpecification\",\"valueRequired\":true,\"valueName\":\"search_term_string\"}}],\"inLanguage\":\"es\"},{\"@type\":\"Organization\",\"@id\":\"https:\/\/www.caidosdelcielo.org\/ong\/#organization\",\"name\":\"Ca\u00eddos del Cielo\",\"url\":\"https:\/\/www.caidosdelcielo.org\/ong\/\",\"logo\":{\"@type\":\"ImageObject\",\"inLanguage\":\"es\",\"@id\":\"https:\/\/www.caidosdelcielo.org\/ong\/#\/schema\/logo\/image\/\",\"url\":\"https:\/\/www.caidosdelcielo.org\/ong\/wp-content\/uploads\/2021\/12\/Cai_dos-del-Cielo-21-04.png\",\"contentUrl\":\"https:\/\/www.caidosdelcielo.org\/ong\/wp-content\/uploads\/2021\/12\/Cai_dos-del-Cielo-21-04.png\",\"width\":2399,\"height\":1363,\"caption\":\"Ca\u00eddos del Cielo\"},\"image\":{\"@id\":\"https:\/\/www.caidosdelcielo.org\/ong\/#\/schema\/logo\/image\/\"},\"sameAs\":[\"https:\/\/es-la.facebook.com\/caidosdelcielo.ong\/\",\"https:\/\/x.com\/caidoscieloong\",\"https:\/\/www.instagram.com\/caidosdelcieloong\/?hl=es\"]}]}<\/script>\n<!-- \/ Yoast SEO plugin. -->","yoast_head_json":{"title":"Qu\u00e9 es | Ca\u00eddos del Cielo","description":"Es un espacio para la transformaci\u00f3n de las personas y su entorno a trav\u00e9s del teatro, cultivando su talento art\u00edstico y sensibilidad.","robots":{"index":"index","follow":"follow","max-snippet":"max-snippet:-1","max-image-preview":"max-image-preview:large","max-video-preview":"max-video-preview:-1"},"canonical":"https:\/\/www.caidosdelcielo.org\/ong\/que-es-caidos-del-cielo\/","og_locale":"es_ES","og_type":"article","og_title":"Qu\u00e9 es Ca\u00eddos del Cielo","og_description":"Es un espacio para la transformaci\u00f3n de las personas y su entorno a trav\u00e9s del teatro, cultivando su talento art\u00edstico y sensibilidad.","og_url":"https:\/\/www.caidosdelcielo.org\/ong\/que-es-caidos-del-cielo\/","og_site_name":"Ca\u00eddos del Cielo ONG","article_publisher":"https:\/\/es-la.facebook.com\/caidosdelcielo.ong\/","article_modified_time":"2022-02-01T13:30:41+00:00","og_image":[{"width":696,"height":400,"url":"https:\/\/www.caidosdelcielo.org\/ong\/wp-content\/uploads\/2021\/11\/caidos2.jpg","type":"image\/jpeg"}],"twitter_card":"summary_large_image","twitter_title":"Qu\u00e9 es Ca\u00eddos del Cielo","twitter_description":"Es un espacio para la transformaci\u00f3n de las personas y su entorno a trav\u00e9s del teatro, cultivando su talento art\u00edstico y sensibilidad.","twitter_image":"https:\/\/www.caidosdelcielo.org\/ong\/wp-content\/uploads\/2021\/11\/caidos2.jpg","twitter_site":"@caidoscieloong","twitter_misc":{"Tiempo de lectura":"5 minutos"},"schema":{"@context":"https:\/\/schema.org","@graph":[{"@type":"WebPage","@id":"https:\/\/www.caidosdelcielo.org\/ong\/que-es-caidos-del-cielo\/","url":"https:\/\/www.caidosdelcielo.org\/ong\/que-es-caidos-del-cielo\/","name":"Qu\u00e9 es | Ca\u00eddos del Cielo","isPartOf":{"@id":"https:\/\/www.caidosdelcielo.org\/ong\/#website"},"datePublished":"2021-10-29T15:51:08+00:00","dateModified":"2022-02-01T13:30:41+00:00","description":"Es un espacio para la transformaci\u00f3n de las personas y su entorno a trav\u00e9s del teatro, cultivando su talento art\u00edstico y sensibilidad.","breadcrumb":{"@id":"https:\/\/www.caidosdelcielo.org\/ong\/que-es-caidos-del-cielo\/#breadcrumb"},"inLanguage":"es","potentialAction":[{"@type":"ReadAction","target":["https:\/\/www.caidosdelcielo.org\/ong\/que-es-caidos-del-cielo\/"]}]},{"@type":"BreadcrumbList","@id":"https:\/\/www.caidosdelcielo.org\/ong\/que-es-caidos-del-cielo\/#breadcrumb","itemListElement":[{"@type":"ListItem","position":1,"name":"Portada","item":"https:\/\/www.caidosdelcielo.org\/ong\/"},{"@type":"ListItem","position":2,"name":"Qu\u00e9 es Caidos del Cielo"}]},{"@type":"WebSite","@id":"https:\/\/www.caidosdelcielo.org\/ong\/#website","url":"https:\/\/www.caidosdelcielo.org\/ong\/","name":"Ca\u00eddos del Cielo ONG","description":"Nuestro objetivo es hacer del teatro una herramienta para la transformaci\u00f3n social y personal, que contribuya a combatir las barreras que dificultan la inclusi\u00f3n e integraci\u00f3n.","publisher":{"@id":"https:\/\/www.caidosdelcielo.org\/ong\/#organization"},"potentialAction":[{"@type":"SearchAction","target":{"@type":"EntryPoint","urlTemplate":"https:\/\/www.caidosdelcielo.org\/ong\/?s={search_term_string}"},"query-input":{"@type":"PropertyValueSpecification","valueRequired":true,"valueName":"search_term_string"}}],"inLanguage":"es"},{"@type":"Organization","@id":"https:\/\/www.caidosdelcielo.org\/ong\/#organization","name":"Ca\u00eddos del Cielo","url":"https:\/\/www.caidosdelcielo.org\/ong\/","logo":{"@type":"ImageObject","inLanguage":"es","@id":"https:\/\/www.caidosdelcielo.org\/ong\/#\/schema\/logo\/image\/","url":"https:\/\/www.caidosdelcielo.org\/ong\/wp-content\/uploads\/2021\/12\/Cai_dos-del-Cielo-21-04.png","contentUrl":"https:\/\/www.caidosdelcielo.org\/ong\/wp-content\/uploads\/2021\/12\/Cai_dos-del-Cielo-21-04.png","width":2399,"height":1363,"caption":"Ca\u00eddos del Cielo"},"image":{"@id":"https:\/\/www.caidosdelcielo.org\/ong\/#\/schema\/logo\/image\/"},"sameAs":["https:\/\/es-la.facebook.com\/caidosdelcielo.ong\/","https:\/\/x.com\/caidoscieloong","https:\/\/www.instagram.com\/caidosdelcieloong\/?hl=es"]}]}},"_links":{"self":[{"href":"https:\/\/www.caidosdelcielo.org\/ong\/wp-json\/wp\/v2\/pages\/23","targetHints":{"allow":["GET"]}}],"collection":[{"href":"https:\/\/www.caidosdelcielo.org\/ong\/wp-json\/wp\/v2\/pages"}],"about":[{"href":"https:\/\/www.caidosdelcielo.org\/ong\/wp-json\/wp\/v2\/types\/page"}],"author":[{"embeddable":true,"href":"https:\/\/www.caidosdelcielo.org\/ong\/wp-json\/wp\/v2\/users\/2"}],"replies":[{"embeddable":true,"href":"https:\/\/www.caidosdelcielo.org\/ong\/wp-json\/wp\/v2\/comments?post=23"}],"version-history":[{"count":16,"href":"https:\/\/www.caidosdelcielo.org\/ong\/wp-json\/wp\/v2\/pages\/23\/revisions"}],"predecessor-version":[{"id":1701,"href":"https:\/\/www.caidosdelcielo.org\/ong\/wp-json\/wp\/v2\/pages\/23\/revisions\/1701"}],"wp:attachment":[{"href":"https:\/\/www.caidosdelcielo.org\/ong\/wp-json\/wp\/v2\/media?parent=23"}],"curies":[{"name":"wp","href":"https:\/\/api.w.org\/{rel}","templated":true}]}}