{"id":42,"date":"2021-10-29T16:19:33","date_gmt":"2021-10-29T16:19:33","guid":{"rendered":"https:\/\/www.caidosdelcielo.org\/ong\/?page_id=42"},"modified":"2022-02-01T13:40:29","modified_gmt":"2022-02-01T13:40:29","slug":"historia","status":"publish","type":"page","link":"https:\/\/www.caidosdelcielo.org\/ong\/historia\/","title":{"rendered":"Historia"},"content":{"rendered":"<p>[et_pb_section fb_built=\u00bb1&#8243; _builder_version=\u00bb4.12.0&#8243; _module_preset=\u00bbdefault\u00bb use_background_color_gradient=\u00bbon\u00bb background_color_gradient_start=\u00bb#1d1d1b\u00bb background_color_gradient_end=\u00bbrgba(0,0,0,0)\u00bb background_color_gradient_direction=\u00bb8deg\u00bb background_color_gradient_end_position=\u00bb67%\u00bb background_color_gradient_overlays_image=\u00bbon\u00bb background_image=\u00bbhttps:\/\/www.caidosdelcielo.org\/ong\/wp-content\/uploads\/2022\/01\/Transformacio\u0301n8-scaled.jpg\u00bb height=\u00bb90vh\u00bb height_tablet=\u00bb50vh\u00bb height_phone=\u00bb40vh\u00bb height_last_edited=\u00bbon|phone\u00bb hover_enabled=\u00bb0&#8243; global_colors_info=\u00bb{}\u00bb title_text=\u00bbTransformacio\u0301n8&#8243; sticky_enabled=\u00bb0&#8243;][et_pb_row _builder_version=\u00bb4.12.0&#8243; _module_preset=\u00bbdefault\u00bb custom_margin=\u00bb300px||||false|false\u00bb custom_margin_tablet=\u00bb150px||||false|false\u00bb custom_margin_phone=\u00bb50px||||false|false\u00bb custom_margin_last_edited=\u00bbon|phone\u00bb global_colors_info=\u00bb{}\u00bb][et_pb_column type=\u00bb4_4&#8243; _builder_version=\u00bb4.12.0&#8243; _module_preset=\u00bbdefault\u00bb global_colors_info=\u00bb{}\u00bb][et_pb_text _builder_version=\u00bb4.12.0&#8243; _module_preset=\u00bbdefault\u00bb header_font=\u00bbPoppins|600|||||||\u00bb header_text_color=\u00bb#FFFFFF\u00bb header_font_size=\u00bb60px\u00bb header_font_size_tablet=\u00bb40px\u00bb header_font_size_phone=\u00bb20px\u00bb header_font_size_last_edited=\u00bbon|phone\u00bb header_text_shadow_style=\u00bbpreset3&#8243; global_colors_info=\u00bb{}\u00bb]<\/p>\n<h1>C\u00f3mo naci\u00f3 Ca\u00eddos del Cielo<\/h1>\n<p>[\/et_pb_text][\/et_pb_column][\/et_pb_row][\/et_pb_section][et_pb_section fb_built=\u00bb1&#8243; _builder_version=\u00bb4.12.0&#8243; _module_preset=\u00bbdefault\u00bb custom_margin=\u00bb||||false|false\u00bb custom_margin_tablet=\u00bb||||false|false\u00bb custom_margin_phone=\u00bb||||false|false\u00bb custom_margin_last_edited=\u00bbon|tablet\u00bb global_colors_info=\u00bb{}\u00bb][et_pb_row _builder_version=\u00bb4.12.0&#8243; _module_preset=\u00bbdefault\u00bb custom_margin=\u00bb||||false|false\u00bb custom_margin_tablet=\u00bb||||false|false\u00bb custom_margin_phone=\u00bb||||false|false\u00bb custom_margin_last_edited=\u00bbon|tablet\u00bb animation_style=\u00bbslide\u00bb animation_direction=\u00bbbottom\u00bb animation_duration=\u00bb1100ms\u00bb animation_intensity_slide=\u00bb14%\u00bb global_colors_info=\u00bb{}\u00bb][et_pb_column type=\u00bb4_4&#8243; _builder_version=\u00bb4.12.0&#8243; _module_preset=\u00bbdefault\u00bb global_colors_info=\u00bb{}\u00bb][et_pb_text _builder_version=\u00bb4.12.0&#8243; _module_preset=\u00bbdefault\u00bb header_font=\u00bbPoppins|600|||||||\u00bb global_colors_info=\u00bb{}\u00bb]<\/p>\n<h1>Historia<\/h1>\n<p>[\/et_pb_text][\/et_pb_column][\/et_pb_row][et_pb_row _builder_version=\u00bb4.12.0&#8243; _module_preset=\u00bbdefault\u00bb custom_margin=\u00bb||||false|false\u00bb custom_padding=\u00bb0px||||false|false\u00bb animation_style=\u00bbslide\u00bb animation_direction=\u00bbbottom\u00bb animation_duration=\u00bb1100ms\u00bb animation_intensity_slide=\u00bb14%\u00bb global_colors_info=\u00bb{}\u00bb][et_pb_column type=\u00bb4_4&#8243; _builder_version=\u00bb4.12.0&#8243; _module_preset=\u00bbdefault\u00bb global_colors_info=\u00bb{}\u00bb][et_pb_text _builder_version=\u00bb4.12.0&#8243; _module_preset=\u00bbdefault\u00bb text_font=\u00bbPoppins||||||||\u00bb global_colors_info=\u00bb{}\u00bb]<\/p>\n<p><span style=\"font-weight: 400;\">En el a\u00f1o 1998 la directora y autora teatral Paloma Pedrero comienza a realizar talleres de teatro con personas sin hogar. El trabajo que durante a\u00f1os realiz\u00f3 culmin\u00f3 en 2008 con un ambicioso proyecto teatral: la escritura de una dramaturgia sobre ellos interpretada por ellos mismos, unidos a un selecto grupo de profesionales de las artes esc\u00e9nicas.<\/span><\/p>\n<p><span style=\"font-weight: 400;\">La puesta en escena de Ca\u00eddos del Cielo se estren\u00f3 dentro del Festival de Oto\u00f1o en el Teatro Fern\u00e1n G\u00f3mez de Madrid. Esta obra se convirti\u00f3 en un gran \u00e9xito, tanto \u00e9tico como art\u00edstico, adem\u00e1s de contar con una amplia repercusi\u00f3n medi\u00e1tica.<\/span><\/p>\n<p><i><span style=\"font-weight: 400;\">\u201cPorque queremos estar cerca de los que sufren, cerca de los que se hacen preguntas, buscan, tratan de comprender. Porque creemos en la rebeli\u00f3n y pensamos que solo a trav\u00e9s de la creatividad podemos transformarla en solidaridad, Porque sabemos que la aventura del arte nos hace estar mejor y ser mejores\u201d<\/span><\/i><\/p>\n<p><span style=\"font-weight: 400;\">A partir de esta experiencia, en 2009 se crea la asociaci\u00f3n cultural Ca\u00eddos del Cielo, con el convencimiento de que el teatro es capaz de transformar a las personas, puede mejorar sus vidas y ser motor de cambio para combatir la exclusi\u00f3n. Desde entonces la ONG ha abierto sus puertas a todo tipo de personas en riesgo de exclusi\u00f3n, ha realizado siete espect\u00e1culos. El \u00faltimo, hasta la fecha, ha sido el estreno del espect\u00e1culo \u201cTransformaci\u00f3n\u201d, en el Centro Dram\u00e1tico Nacional. Esta vez, el colectivo con el que hemos trabajado, primero en los talleres de formaci\u00f3n y despu\u00e9s en la puesta en escena, ha sido el de personas transg\u00e9nero, el de los hombres trans. El proceso ha durado dos a\u00f1os, y culmina con seis semanas de funciones en el CDN con cr\u00edticas excelentes y llenos diarios de p\u00fablico.<\/span><\/p>\n<p><span style=\"font-weight: 400;\">Anterior a Transformaci\u00f3n, Una Guarida con luz se estren\u00f3 en marzo de 2018 dentro del festival Ellas Crean, en el Centro Cultural Conde Duque. Y que es el resultado de un taller de teatro para inmigrantes y refugiados junto a actores profesionales. Una iniciativa art\u00edstica en la que han participado personas de m\u00e1s de treinta pa\u00edses. como Ucrania, Siria, Irak, Venezuela o Costa de Marfil.<\/span><\/p>\n<p><span style=\"font-weight: 400;\">Ca\u00eddos del Cielo cuenta con varios reconocimientos, como el de Premio Dionisos de la UNESCO, el SAMUR SOCIAL de la Comunidad de Madrid, Art for Change de la Obra Social La Caixa o dos nominaciones al Valle-Incl\u00e1n de Teatro.<\/span><\/p>\n<p>[\/et_pb_text][\/et_pb_column][\/et_pb_row][\/et_pb_section][et_pb_section fb_built=\u00bb1&#8243; _builder_version=\u00bb4.12.0&#8243; _module_preset=\u00bbdefault\u00bb custom_padding=\u00bb0px||0px||true|false\u00bb global_colors_info=\u00bb{}\u00bb][et_pb_row column_structure=\u00bb1_2,1_2&#8243; use_custom_gutter=\u00bbon\u00bb gutter_width=\u00bb2&#8243; make_equal=\u00bbon\u00bb custom_padding_last_edited=\u00bbon|tablet\u00bb _builder_version=\u00bb4.12.0&#8243; _module_preset=\u00bbdefault\u00bb width=\u00bb100%\u00bb max_width=\u00bb100%\u00bb custom_padding=\u00bb0px||50px||false|false\u00bb custom_padding_tablet=\u00bb0px||50px||false|false\u00bb custom_padding_phone=\u00bb0px||50px||false|false\u00bb animation_style=\u00bbslide\u00bb animation_direction=\u00bbbottom\u00bb animation_duration=\u00bb1100ms\u00bb animation_intensity_slide=\u00bb14%\u00bb global_colors_info=\u00bb{}\u00bb][et_pb_column type=\u00bb1_2&#8243; _builder_version=\u00bb4.12.0&#8243; _module_preset=\u00bbdefault\u00bb global_colors_info=\u00bb{}\u00bb][et_pb_image src=\u00bbhttps:\/\/www.caidosdelcielo.org\/ong\/wp-content\/uploads\/2021\/11\/tres-abrazos-en-diagonal-2-scaled.jpg\u00bb title_text=\u00bbtres abrazos en diagonal-2&#8243; show_in_lightbox=\u00bbon\u00bb _builder_version=\u00bb4.12.0&#8243; _module_preset=\u00bbdefault\u00bb scroll_horizontal_motion_enable=\u00bbon\u00bb scroll_horizontal_motion=\u00bb0|50|50|100|-5|0|5&#8243; scroll_vertical_motion_last_edited=\u00bboff|desktop\u00bb global_colors_info=\u00bb{}\u00bb][\/et_pb_image][\/et_pb_column][et_pb_column type=\u00bb1_2&#8243; _builder_version=\u00bb4.12.0&#8243; _module_preset=\u00bbdefault\u00bb global_colors_info=\u00bb{}\u00bb][et_pb_image src=\u00bbhttps:\/\/www.caidosdelcielo.org\/ong\/wp-content\/uploads\/2021\/11\/Mercy-y-todos-mira\u0301ndola1786-2-scaled.jpg\u00bb title_text=\u00bbMercy y todos mira\u0301ndola1786-2&#8243; show_in_lightbox=\u00bbon\u00bb _builder_version=\u00bb4.12.0&#8243; _module_preset=\u00bbdefault\u00bb scroll_horizontal_motion_enable=\u00bbon\u00bb scroll_horizontal_motion=\u00bb0|50|50|100|5|0|-5&#8243; global_colors_info=\u00bb{}\u00bb][\/et_pb_image][\/et_pb_column][\/et_pb_row][\/et_pb_section]<\/p>\n","protected":false},"excerpt":{"rendered":"<p>C\u00f3mo naci\u00f3 Ca\u00eddos del Cielo Historia En el a\u00f1o 1998 la directora y autora teatral Paloma Pedrero comienza a realizar talleres de teatro con personas sin hogar. El trabajo que durante a\u00f1os realiz\u00f3 culmin\u00f3 en 2008 con un ambicioso proyecto teatral: la escritura de una dramaturgia sobre ellos interpretada por ellos mismos, unidos a un [&hellip;]<\/p>\n","protected":false},"author":2,"featured_media":0,"parent":0,"menu_order":0,"comment_status":"closed","ping_status":"closed","template":"","meta":{"_et_pb_use_builder":"on","_et_pb_old_content":"","_et_gb_content_width":"","footnotes":""},"class_list":["post-42","page","type-page","status-publish","hentry"],"yoast_head":"<!-- This site is optimized with the Yoast SEO plugin v24.0 - https:\/\/yoast.com\/wordpress\/plugins\/seo\/ -->\n<title>Historia | Ca\u00eddos del Cielo<\/title>\n<meta name=\"description\" content=\"Ca\u00eddos del Cielo naci\u00f3 como resultado de unos talleres con personas sin hogar que realiz\u00f3 la directora Paloma Pedrero entre 1998 y 2008.\" \/>\n<meta name=\"robots\" content=\"index, follow, max-snippet:-1, max-image-preview:large, max-video-preview:-1\" \/>\n<link rel=\"canonical\" href=\"https:\/\/www.caidosdelcielo.org\/ong\/historia\/\" \/>\n<meta property=\"og:locale\" content=\"es_ES\" \/>\n<meta property=\"og:type\" content=\"article\" \/>\n<meta property=\"og:title\" content=\"Historia de Ca\u00eddos del Cielo\" \/>\n<meta property=\"og:description\" content=\"Ca\u00eddos del Cielo naci\u00f3 como resultado de unos talleres con personas sin hogar que realiz\u00f3 la directora Paloma Pedrero entre 1998 y 2008.\" \/>\n<meta property=\"og:url\" content=\"https:\/\/www.caidosdelcielo.org\/ong\/historia\/\" \/>\n<meta property=\"og:site_name\" content=\"Ca\u00eddos del Cielo ONG\" \/>\n<meta property=\"article:publisher\" content=\"https:\/\/es-la.facebook.com\/caidosdelcielo.ong\/\" \/>\n<meta property=\"article:modified_time\" content=\"2022-02-01T13:40:29+00:00\" \/>\n<meta property=\"og:image\" content=\"https:\/\/www.caidosdelcielo.org\/ong\/wp-content\/uploads\/2021\/10\/caidos-todos-en-el-libro.jpg\" \/>\n\t<meta property=\"og:image:width\" content=\"590\" \/>\n\t<meta property=\"og:image:height\" content=\"342\" \/>\n\t<meta property=\"og:image:type\" content=\"image\/jpeg\" \/>\n<meta name=\"twitter:card\" content=\"summary_large_image\" \/>\n<meta name=\"twitter:title\" content=\"Historia de Ca\u00eddos del Cielo\" \/>\n<meta name=\"twitter:description\" content=\"Ca\u00eddos del Cielo naci\u00f3 como resultado de unos talleres con personas sin hogar que realiz\u00f3 la directora Paloma Pedrero entre 1998 y 2008.\" \/>\n<meta name=\"twitter:image\" content=\"https:\/\/www.caidosdelcielo.org\/ong\/wp-content\/uploads\/2021\/10\/caidos-todos-en-el-libro.jpg\" \/>\n<meta name=\"twitter:site\" content=\"@caidoscieloong\" \/>\n<meta name=\"twitter:label1\" content=\"Tiempo de lectura\" \/>\n\t<meta name=\"twitter:data1\" content=\"3 minutos\" \/>\n<script type=\"application\/ld+json\" class=\"yoast-schema-graph\">{\"@context\":\"https:\/\/schema.org\",\"@graph\":[{\"@type\":\"WebPage\",\"@id\":\"https:\/\/www.caidosdelcielo.org\/ong\/historia\/\",\"url\":\"https:\/\/www.caidosdelcielo.org\/ong\/historia\/\",\"name\":\"Historia | Ca\u00eddos del Cielo\",\"isPartOf\":{\"@id\":\"https:\/\/www.caidosdelcielo.org\/ong\/#website\"},\"datePublished\":\"2021-10-29T16:19:33+00:00\",\"dateModified\":\"2022-02-01T13:40:29+00:00\",\"description\":\"Ca\u00eddos del Cielo naci\u00f3 como resultado de unos talleres con personas sin hogar que realiz\u00f3 la directora Paloma Pedrero entre 1998 y 2008.\",\"breadcrumb\":{\"@id\":\"https:\/\/www.caidosdelcielo.org\/ong\/historia\/#breadcrumb\"},\"inLanguage\":\"es\",\"potentialAction\":[{\"@type\":\"ReadAction\",\"target\":[\"https:\/\/www.caidosdelcielo.org\/ong\/historia\/\"]}]},{\"@type\":\"BreadcrumbList\",\"@id\":\"https:\/\/www.caidosdelcielo.org\/ong\/historia\/#breadcrumb\",\"itemListElement\":[{\"@type\":\"ListItem\",\"position\":1,\"name\":\"Portada\",\"item\":\"https:\/\/www.caidosdelcielo.org\/ong\/\"},{\"@type\":\"ListItem\",\"position\":2,\"name\":\"Historia\"}]},{\"@type\":\"WebSite\",\"@id\":\"https:\/\/www.caidosdelcielo.org\/ong\/#website\",\"url\":\"https:\/\/www.caidosdelcielo.org\/ong\/\",\"name\":\"Ca\u00eddos del Cielo ONG\",\"description\":\"Nuestro objetivo es hacer del teatro una herramienta para la transformaci\u00f3n social y personal, que contribuya a combatir las barreras que dificultan la inclusi\u00f3n e integraci\u00f3n.\",\"publisher\":{\"@id\":\"https:\/\/www.caidosdelcielo.org\/ong\/#organization\"},\"potentialAction\":[{\"@type\":\"SearchAction\",\"target\":{\"@type\":\"EntryPoint\",\"urlTemplate\":\"https:\/\/www.caidosdelcielo.org\/ong\/?s={search_term_string}\"},\"query-input\":{\"@type\":\"PropertyValueSpecification\",\"valueRequired\":true,\"valueName\":\"search_term_string\"}}],\"inLanguage\":\"es\"},{\"@type\":\"Organization\",\"@id\":\"https:\/\/www.caidosdelcielo.org\/ong\/#organization\",\"name\":\"Ca\u00eddos del Cielo\",\"url\":\"https:\/\/www.caidosdelcielo.org\/ong\/\",\"logo\":{\"@type\":\"ImageObject\",\"inLanguage\":\"es\",\"@id\":\"https:\/\/www.caidosdelcielo.org\/ong\/#\/schema\/logo\/image\/\",\"url\":\"https:\/\/www.caidosdelcielo.org\/ong\/wp-content\/uploads\/2021\/12\/Cai_dos-del-Cielo-21-04.png\",\"contentUrl\":\"https:\/\/www.caidosdelcielo.org\/ong\/wp-content\/uploads\/2021\/12\/Cai_dos-del-Cielo-21-04.png\",\"width\":2399,\"height\":1363,\"caption\":\"Ca\u00eddos del Cielo\"},\"image\":{\"@id\":\"https:\/\/www.caidosdelcielo.org\/ong\/#\/schema\/logo\/image\/\"},\"sameAs\":[\"https:\/\/es-la.facebook.com\/caidosdelcielo.ong\/\",\"https:\/\/x.com\/caidoscieloong\",\"https:\/\/www.instagram.com\/caidosdelcieloong\/?hl=es\"]}]}<\/script>\n<!-- \/ Yoast SEO plugin. -->","yoast_head_json":{"title":"Historia | Ca\u00eddos del Cielo","description":"Ca\u00eddos del Cielo naci\u00f3 como resultado de unos talleres con personas sin hogar que realiz\u00f3 la directora Paloma Pedrero entre 1998 y 2008.","robots":{"index":"index","follow":"follow","max-snippet":"max-snippet:-1","max-image-preview":"max-image-preview:large","max-video-preview":"max-video-preview:-1"},"canonical":"https:\/\/www.caidosdelcielo.org\/ong\/historia\/","og_locale":"es_ES","og_type":"article","og_title":"Historia de Ca\u00eddos del Cielo","og_description":"Ca\u00eddos del Cielo naci\u00f3 como resultado de unos talleres con personas sin hogar que realiz\u00f3 la directora Paloma Pedrero entre 1998 y 2008.","og_url":"https:\/\/www.caidosdelcielo.org\/ong\/historia\/","og_site_name":"Ca\u00eddos del Cielo ONG","article_publisher":"https:\/\/es-la.facebook.com\/caidosdelcielo.ong\/","article_modified_time":"2022-02-01T13:40:29+00:00","og_image":[{"width":590,"height":342,"url":"https:\/\/www.caidosdelcielo.org\/ong\/wp-content\/uploads\/2021\/10\/caidos-todos-en-el-libro.jpg","type":"image\/jpeg"}],"twitter_card":"summary_large_image","twitter_title":"Historia de Ca\u00eddos del Cielo","twitter_description":"Ca\u00eddos del Cielo naci\u00f3 como resultado de unos talleres con personas sin hogar que realiz\u00f3 la directora Paloma Pedrero entre 1998 y 2008.","twitter_image":"https:\/\/www.caidosdelcielo.org\/ong\/wp-content\/uploads\/2021\/10\/caidos-todos-en-el-libro.jpg","twitter_site":"@caidoscieloong","twitter_misc":{"Tiempo de lectura":"3 minutos"},"schema":{"@context":"https:\/\/schema.org","@graph":[{"@type":"WebPage","@id":"https:\/\/www.caidosdelcielo.org\/ong\/historia\/","url":"https:\/\/www.caidosdelcielo.org\/ong\/historia\/","name":"Historia | Ca\u00eddos del Cielo","isPartOf":{"@id":"https:\/\/www.caidosdelcielo.org\/ong\/#website"},"datePublished":"2021-10-29T16:19:33+00:00","dateModified":"2022-02-01T13:40:29+00:00","description":"Ca\u00eddos del Cielo naci\u00f3 como resultado de unos talleres con personas sin hogar que realiz\u00f3 la directora Paloma Pedrero entre 1998 y 2008.","breadcrumb":{"@id":"https:\/\/www.caidosdelcielo.org\/ong\/historia\/#breadcrumb"},"inLanguage":"es","potentialAction":[{"@type":"ReadAction","target":["https:\/\/www.caidosdelcielo.org\/ong\/historia\/"]}]},{"@type":"BreadcrumbList","@id":"https:\/\/www.caidosdelcielo.org\/ong\/historia\/#breadcrumb","itemListElement":[{"@type":"ListItem","position":1,"name":"Portada","item":"https:\/\/www.caidosdelcielo.org\/ong\/"},{"@type":"ListItem","position":2,"name":"Historia"}]},{"@type":"WebSite","@id":"https:\/\/www.caidosdelcielo.org\/ong\/#website","url":"https:\/\/www.caidosdelcielo.org\/ong\/","name":"Ca\u00eddos del Cielo ONG","description":"Nuestro objetivo es hacer del teatro una herramienta para la transformaci\u00f3n social y personal, que contribuya a combatir las barreras que dificultan la inclusi\u00f3n e integraci\u00f3n.","publisher":{"@id":"https:\/\/www.caidosdelcielo.org\/ong\/#organization"},"potentialAction":[{"@type":"SearchAction","target":{"@type":"EntryPoint","urlTemplate":"https:\/\/www.caidosdelcielo.org\/ong\/?s={search_term_string}"},"query-input":{"@type":"PropertyValueSpecification","valueRequired":true,"valueName":"search_term_string"}}],"inLanguage":"es"},{"@type":"Organization","@id":"https:\/\/www.caidosdelcielo.org\/ong\/#organization","name":"Ca\u00eddos del Cielo","url":"https:\/\/www.caidosdelcielo.org\/ong\/","logo":{"@type":"ImageObject","inLanguage":"es","@id":"https:\/\/www.caidosdelcielo.org\/ong\/#\/schema\/logo\/image\/","url":"https:\/\/www.caidosdelcielo.org\/ong\/wp-content\/uploads\/2021\/12\/Cai_dos-del-Cielo-21-04.png","contentUrl":"https:\/\/www.caidosdelcielo.org\/ong\/wp-content\/uploads\/2021\/12\/Cai_dos-del-Cielo-21-04.png","width":2399,"height":1363,"caption":"Ca\u00eddos del Cielo"},"image":{"@id":"https:\/\/www.caidosdelcielo.org\/ong\/#\/schema\/logo\/image\/"},"sameAs":["https:\/\/es-la.facebook.com\/caidosdelcielo.ong\/","https:\/\/x.com\/caidoscieloong","https:\/\/www.instagram.com\/caidosdelcieloong\/?hl=es"]}]}},"_links":{"self":[{"href":"https:\/\/www.caidosdelcielo.org\/ong\/wp-json\/wp\/v2\/pages\/42","targetHints":{"allow":["GET"]}}],"collection":[{"href":"https:\/\/www.caidosdelcielo.org\/ong\/wp-json\/wp\/v2\/pages"}],"about":[{"href":"https:\/\/www.caidosdelcielo.org\/ong\/wp-json\/wp\/v2\/types\/page"}],"author":[{"embeddable":true,"href":"https:\/\/www.caidosdelcielo.org\/ong\/wp-json\/wp\/v2\/users\/2"}],"replies":[{"embeddable":true,"href":"https:\/\/www.caidosdelcielo.org\/ong\/wp-json\/wp\/v2\/comments?post=42"}],"version-history":[{"count":15,"href":"https:\/\/www.caidosdelcielo.org\/ong\/wp-json\/wp\/v2\/pages\/42\/revisions"}],"predecessor-version":[{"id":1704,"href":"https:\/\/www.caidosdelcielo.org\/ong\/wp-json\/wp\/v2\/pages\/42\/revisions\/1704"}],"wp:attachment":[{"href":"https:\/\/www.caidosdelcielo.org\/ong\/wp-json\/wp\/v2\/media?parent=42"}],"curies":[{"name":"wp","href":"https:\/\/api.w.org\/{rel}","templated":true}]}}